{"id":21,"date":"2024-04-04T16:44:19","date_gmt":"2024-04-04T14:44:19","guid":{"rendered":"http:\/\/test.unherdejapon.fr\/?page_id=21"},"modified":"2026-03-14T16:24:52","modified_gmt":"2026-03-14T15:24:52","slug":"a-propos-de","status":"publish","type":"page","link":"https:\/\/www.herjapon.fr\/index.php\/a-propos-de\/","title":{"rendered":"\u00c0 propos de"},"content":{"rendered":"\n<div class=\"wp-block-cover alignfull is-light\"><img loading=\"lazy\" decoding=\"async\" width=\"1365\" height=\"1365\" class=\"wp-block-cover__image-background wp-image-177\" alt=\"\" src=\"https:\/\/www.herjapon.fr\/wp-content\/uploads\/2024\/09\/454753092_504554965637890_1259027911034484120_n.jpg\" data-object-fit=\"cover\" srcset=\"https:\/\/www.herjapon.fr\/wp-content\/uploads\/2024\/09\/454753092_504554965637890_1259027911034484120_n.jpg 1365w, https:\/\/www.herjapon.fr\/wp-content\/uploads\/2024\/09\/454753092_504554965637890_1259027911034484120_n-300x300.jpg 300w, https:\/\/www.herjapon.fr\/wp-content\/uploads\/2024\/09\/454753092_504554965637890_1259027911034484120_n-1024x1024.jpg 1024w, https:\/\/www.herjapon.fr\/wp-content\/uploads\/2024\/09\/454753092_504554965637890_1259027911034484120_n-150x150.jpg 150w, https:\/\/www.herjapon.fr\/wp-content\/uploads\/2024\/09\/454753092_504554965637890_1259027911034484120_n-768x768.jpg 768w, https:\/\/www.herjapon.fr\/wp-content\/uploads\/2024\/09\/454753092_504554965637890_1259027911034484120_n-100x100.jpg 100w\" sizes=\"auto, (max-width: 1365px) 100vw, 1365px\" \/><span aria-hidden=\"true\" class=\"wp-block-cover__background has-background-dim\" style=\"background-color:#7f817b\"><\/span><div class=\"wp-block-cover__inner-container has-global-padding is-layout-constrained wp-block-cover-is-layout-constrained\">\n<p class=\"has-text-align-center has-large-font-size\"><\/p>\n<\/div><\/div>\n\n\n\n<div class=\"wp-block-group alignwide has-global-padding is-layout-constrained wp-block-group-is-layout-constrained\">\n<h2 class=\"wp-block-heading\">Pr\u00e9sentation de l\u2019association un Her\u2019 de Japon<\/h2>\n\n\n\n<p>Cr\u00e9\u00e9e en 2022, l&rsquo;association \u00ab\u00a0Un Her&rsquo; de Japon\u00a0\u00bb regroupe des passionn\u00e9s du Japon de tous \u00e2ges.<\/p>\n\n\n\n<p>Notre but est de promouvoir la culture japonaise sous toutes ses formes sur l\u2019ensemble du territoire vend\u00e9en.<\/p>\n<\/div>\n\n\n\n<h2 class=\"wp-block-heading\">Nos activit\u00e9s<\/h2>\n\n\n\n<p>Nous proposons un large \u00e9ventail d\u2019activit\u00e9s amusantes et passionnantes lors de prestations telles que jeux vid\u00e9o, jeux de rythme, jeux de soci\u00e9t\u00e9 d\u2019inspiration japonaise ou bien encore origami. Nous proposons \u00e9galement des ateliers cr\u00e9atifs et de cosplay, ainsi que des expositions de costumes et d&rsquo;accessoires.<\/p>\n\n\n\n<p>Nous adaptons nos activit\u00e9s \u00e0 diff\u00e9rents publics mais \u00e9galement aux disponibilit\u00e9s de nos membres b\u00e9n\u00e9voles; cela signifie que nos activit\u00e9s peuvent varier d\u2019un mois \u00e0 l\u2019autre et se concentrent sur les weekend lors d\u2019\u00e9v\u00e9nements programm\u00e9s.<\/p>\n\n\n\n<p><strong>L\u2019association \u00e9volue en fonction de la volont\u00e9 et de la proposition de nos membres !<\/strong><\/p>\n\n\n\n<p>Nous savons que pour faire de n\u2019importe laquelle de nos activit\u00e9s un succ\u00e8s, nous avons besoin de l\u2019aide de nos membres, c&rsquo;est la raison pour laquelle nous ne sommes que rarement disponible en semaine.<\/p>\n\n\n\n<h2 class=\"wp-block-heading\">Nous rejoindre ?<\/h2>\n\n\n\n<p>Si vous souhaitez devenir membre de l&rsquo;association \u00ab\u00a0Un Her\u2019 de Japon\u00a0\u00bb ,&nbsp;contactez-nous pour un premier \u00e9change pendant lequel nous discuterons de vos motivations et de votre int\u00e9r\u00eat pour la culture japonaise. Nous vous pr\u00e9senterons notre communaut\u00e9 et nos activit\u00e9s. Enfin, vous pourrez d\u00e9cider si vous souhaitez devenir membre.<\/p>\n\n\n\n<p>Aucune comp\u00e9tence particuli\u00e8re n\u2019est n\u00e9cessaire pour devenir membre. Si vous avez la motivation, l\u2019envie de partager et de participer \u00e0 l\u2019organisation d\u2019activit\u00e9s dans une  ambiance amicale, alors vous serez bienvenue parmi nous pour passer de bons moments .<\/p>\n\n\n\n<figure class=\"wp-block-image size-full\"><img loading=\"lazy\" decoding=\"async\" width=\"768\" height=\"1024\" src=\"https:\/\/herjapon.fr\/wp-content\/uploads\/2024\/04\/pexels-chloe-huiss-1217579-768x1024.jpg.webp.webp\" alt=\"\" class=\"wp-image-138\" srcset=\"https:\/\/www.herjapon.fr\/wp-content\/uploads\/2024\/04\/pexels-chloe-huiss-1217579-768x1024.jpg.webp.webp 768w, https:\/\/www.herjapon.fr\/wp-content\/uploads\/2024\/04\/pexels-chloe-huiss-1217579-768x1024.jpg.webp-225x300.webp 225w\" sizes=\"auto, (max-width: 768px) 100vw, 768px\" \/><\/figure>\n","protected":false},"excerpt":{"rendered":"<p>Pr\u00e9sentation de l\u2019association un Her\u2019 de Japon Cr\u00e9\u00e9e en 2022, l&rsquo;association \u00ab\u00a0Un Her&rsquo; de Japon\u00a0\u00bb regroupe des passionn\u00e9s du Japon de tous \u00e2ges. Notre but est de promouvoir la culture [&hellip;]<\/p>\n","protected":false},"author":1,"featured_media":0,"parent":0,"menu_order":0,"comment_status":"closed","ping_status":"closed","template":"","meta":{"_EventAllDay":false,"_EventTimezone":"","_EventStartDate":"","_EventEndDate":"","_EventStartDateUTC":"","_EventEndDateUTC":"","_EventShowMap":false,"_EventShowMapLink":false,"_EventURL":"","_EventCost":"","_EventCostDescription":"","_EventCurrencySymbol":"","_EventCurrencyCode":"","_EventCurrencyPosition":"","_EventDateTimeSeparator":"","_EventTimeRangeSeparator":"","_EventOrganizerID":[],"_EventVenueID":[],"_OrganizerEmail":"","_OrganizerPhone":"","_OrganizerWebsite":"","_VenueAddress":"","_VenueCity":"","_VenueCountry":"","_VenueProvince":"","_VenueState":"","_VenueZip":"","_VenuePhone":"","_VenueURL":"","_VenueStateProvince":"","_VenueLat":"","_VenueLng":"","_VenueShowMap":false,"_VenueShowMapLink":false,"footnotes":""},"class_list":["post-21","page","type-page","status-publish","hentry"],"_links":{"self":[{"href":"https:\/\/www.herjapon.fr\/index.php\/wp-json\/wp\/v2\/pages\/21","targetHints":{"allow":["GET"]}}],"collection":[{"href":"https:\/\/www.herjapon.fr\/index.php\/wp-json\/wp\/v2\/pages"}],"about":[{"href":"https:\/\/www.herjapon.fr\/index.php\/wp-json\/wp\/v2\/types\/page"}],"author":[{"embeddable":true,"href":"https:\/\/www.herjapon.fr\/index.php\/wp-json\/wp\/v2\/users\/1"}],"replies":[{"embeddable":true,"href":"https:\/\/www.herjapon.fr\/index.php\/wp-json\/wp\/v2\/comments?post=21"}],"version-history":[{"count":4,"href":"https:\/\/www.herjapon.fr\/index.php\/wp-json\/wp\/v2\/pages\/21\/revisions"}],"predecessor-version":[{"id":253,"href":"https:\/\/www.herjapon.fr\/index.php\/wp-json\/wp\/v2\/pages\/21\/revisions\/253"}],"wp:attachment":[{"href":"https:\/\/www.herjapon.fr\/index.php\/wp-json\/wp\/v2\/media?parent=21"}],"curies":[{"name":"wp","href":"https:\/\/api.w.org\/{rel}","templated":true}]}}